 2*i. Let k(y) = 4*y - 209. Let n be k(52). Determine s(n).
-4
Let r(c) = c**2 - 6*c + 1. Let q = -23 + -5. Let g = -10 - q. Suppose -2*k - 26 = -5*a, 3*a - 2*k - g = -0*a. Determine r(a).
-7
Suppose -6 = 6*c - 0. Let j(o) be the third derivative of -o**7/1680 - o**6/720 + o**5/5 + 13*o**2. Let g(r) be the third derivative of j(r). Calculate g(c).
2
Let g(a) = -a**3 - 4*a**2 - 5*a - 6. Suppose -11*t - 156 = -112. Determine g(t).
14
Let c(y) be the first derivative of -2*y**3 - 2*y**2 + 3*y + 78. Calculate c(2).
-29
Let i = -424 + 423. Let n(w) = -12*w + 2. What is n(i)?
14
Suppose -3*t + 6*t + 18 = 0. Let c(z) be the second derivative of -1/6*z**3 + z**2 + 1/20*z**5 + 1/2*z**4 + 0 - z. What is c(t)?
8
Let s(p) = 2*p - 23. Let n(d) = d - 1. Let l(i) = 2*n(i) + s(i). Let h be l(9). Let b(x) = -x + 10. What is b(h)?
-1
Let y(w) = -w**2 - 6*w + 1. Let b(z) = -z**3 + z**2 + 19*z - 5. Let c be b(-4). Let l(f) = -f + 1. Let m(k) = c*l(k) + y(k). What is m(-4)?
4
Let s be ((-212)/480)/(-1) + 6/(-16). Let r(g) be the third derivative of 0*g - 1/6*g**3 + 1/120*g**6 - s*g**5 - 1/6*g**4 + 0 - g**2. Give r(5).
4
Let v(g) be the second derivative of -g**5/20 - 5*g**4/6 + 11*g**3/6 - 11*g**2/2 + 3*g - 9. Calculate v(-11).
-11
Let i(r) be the second derivative of r**3 - 3*r**2/2 - 37*r. What is i(2)?
9
Let k(v) = -3*v + 5*v - 8 - 5*v - v + 2*v. Determine k(-15).
22
Let d(w) = 2*w**2 - 16*w - 67. Let p(l) = l**2 - 8*l - 31. Let v(o) = -3*d(o) + 7*p(o). What is v(9)?
-7
Let p(q) = 7*q**2 + 4*q - 2. Let s(z) = 4*z**2 + 2*z - 1. Suppose 0*t + 3 = -t. Let h(m) = t*p(m) + 5*s(m). Let n be 5*(-4 + 64/20). What is h(n)?
-7
Let m be -1*(4 - (2 + -4)). Let w = -4 - m. Let z(u) = u**2 - 2*u + 1. Give z(w).
1
Let z(b) = -9*b + 1. Suppose 3*l + g = 14, -5*g = -69*l + 74*l - 10. Calculate z(l).
-53
Let u(l) = l - 22. Let n(p) = 3*p - 38. Let h be n(18). Calculate u(h).
-6
Let w be (-4)/(-6)*-6 + 1. Let y(c) = 2*c**2 + 3*c + 2. What is y(w)?
11
Let r(i) = 2*i**2 + 9*i - 1. Let a = 13 + -18. Let g be r(a). Let c(f) = -g*f - 4*f + f - 3 + f - f**2. What is c(-4)?
5
Let l(q) = -q**2 - 12*q - 6. Suppose 360*g = 364*g + 36. Calculate l(g).
21
Let q(a) = a - 7. Let j be q(10). Let o(n) = -15*n - 3. Let h(p) = 13*p + 3. Let i(r) = 7*h(r) + 6*o(r). What is i(j)?
6
Let y(t) = -6*t**2 + 9*t - 4. Let d = 10 + -8. Let n(q) = 0*q - 4*q**2 + 3 + 9*q**d - 8*q. Let r(u) = 5*n(u) + 4*y(u). Determine r(4).
-1
Let m(x) = x**3 + x**2 + 1. Let h(t) = t**2 - 2*t. Let o be h(4). Let c be (-3)/12 - 6/o. Let q be 2 + 0 + (c - 1). Give m(q).
1
Suppose 2*j - 4*j = -6. Suppose h - 2*h + 4 = -t, 4*t + 4*h = 16. Let s(m) = m**3 + 0*m**2 + t*m - 3 - m**2 - 2*m + 0*m. What is s(j)?
9
Let y(f) = -f + 22. Let p be y(9). Suppose -5*m = -12 - p, -c + 15 = 2*m. Let i(g) = -g**2 + 6*g + 6. Calculate i(c).
11
Suppose -5*v = w - 45, -5*w + 82 = 5*v - 63. Suppose -3*d + 10 = w. Let x(z) = 0*z + 2*z**2 + 6 + 5*z - z**2. Determine x(d).
6
Suppose 0 = -2*p - 5*t + 125, 4*p - 3*t - 295 = -110. Let v(g) = 45*g - 4 - 91*g + p*g - g**2. What is v(3)?
-1
Suppose 0 = 4*g + 5*a - 11, 2*g - 2*a - 4 - 6 = 0. Let k(q) = -7*q + 21. Let b(p) = -3*p + 10. Let s(d) = g*k(d) - 9*b(d). Let l = -101 - -106. What is s(l)?
-11
Let h(g) = -6*g**3 + g**2. Let k be (4/6)/(1 + 50/(-30)). Give h(k).
7
Suppose 813 + 2347 = -20*s. Let z = 152 + s. Let i(g) be the first derivative of g**3/3 + 3*g**2 - 6*g + 1. Calculate i(z).
-6
Let h(y) be the first derivative of y**2/2 + y - 114. Determine h(8).
9
Let u(f) = f - 4. Let r(v) = -27*v. Let x be r(-1). Let m = x - 9. Let n = m - 18. Calculate u(n).
-4
Let c be (6 - 0) + 1 + 0/8. Let y(u) = 4*u - 21. Determine y(c).
7
Let v(k) be the second derivative of k**5/20 - k**4/12 + 19*k**2 - 8*k + 1. Determine v(0).
38
Let b(d) be the first derivative of d**4/4 + 14*d**3/3 + 11*d**2/2 - 19*d + 67. Calculate b(-13).
7
Let f(p) be the second derivative of -1/20*p**5 - 5/6*p**3 + 0 + 5/2*p**2 - 19*p + 1/2*p**4. What is f(4)?
17
Suppose -11 = w + 5*l + 13, -2*w + l = 4. Let v(a) = -8*a**2 - 8*a - 15. Let n(h) = 3*h**2 + 3*h + 5. Let j(t) = 11*n(t) + 4*v(t). Calculate j(w).
7
Let r(n) = n. Let i be -8*((-44)/32 + 1). Suppose -h = 4*q - 21, 5 - 2 = 3*h - i*q. What is r(h)?
5
Let v be 2 + (-4)/(-4) - 0. Let m(i) = 2*i**2 + 4*i. Let b(z) = -3*z**2 - 4*z - 1. Let a(g) = -g - 12. Let x be a(-9). Let p(h) = x*b(h) - 4*m(h). Give p(v).
0
Let q(l) = l**2 - l - 3. Suppose 0 = -6*c - 1 + 1. Let m be 1/7*c*(-1)/2. Give q(m).
-3
Let z(j) be the first derivative of -2 + 13*j**2 + 3*j - 8*j**2 - 6*j**2. Calculate z(3).
-3
Let v(g) = -26*g**3 - 55*g**2 - 26*g - 34. Let k(b) = -7*b**3 - 14*b**2 - 7*b - 9. Let x(n) = -11*k(n) + 3*v(n). Determine x(-11).
8
Suppose 5*u - u = d + 11, -19 = -4*d - 5*u. Let r(w) = -5*w**2 + 6*w - 1. Let a(s) = s**2 - s. Let t(g) = d*r(g) + 4*a(g). Let m = 0 + 1. Calculate t(m).
0
Let a(y) = -3*y - 2. Let s(b) = 1. Let x(g) = -a(g) + 5*s(g). Let u be (-235)/45 + 2/9. Calculate x(u).
-8
Let h(k) = k**3 - 4*k**2 + 6*k - 6. Let a(o) = 36*o + 255. Let w be a(-7). Give h(w).
3
Let h(u) = 6*u + 36. Let v = -7 - -7. Suppose q - 2*n - 19 = 0, 2*q + v*q + 5*n - 20 = 0. Let c(o) = o + 5. Let y(s) = q*c(s) - 2*h(s). Determine y(-2).
-3
Suppose -52 = -s - 49, -39 = -3*h - 5*s. Let y(k) = -3*k + 5. What is y(h)?
-19
Let x(s) = -s**2 - 2*s + 11. Let g(r) = -2*r**2 - 3*r + 19. Let z(m) = -3*g(m) + 5*x(m). Give z(5).
18
Let v = 42 - 22. Suppose v*n = 14*n - 30. Let j(z) = -z - 8. Give j(n).
-3
Suppose -5*t = -4 - 11. Suppose 2*j - 5*j - 18 = -5*z, 0 = j - t*z + 10. Let n(x) be the second derivative of 2*x**3/3 - x**2/2 + 3*x + 1. Determine n(j).
-5
Let p(a) = 3*a - 33. Let x(f) = -4*f + 31. Let y(z) = 5*p(z) + 4*x(z). What is y(0)?
-41
Let r be (-170)/(-6)*3 + -1 + 0. Let s = r + -83. Let q(k) be the first derivative of -8*k**3/3 - k + 2. Give q(s).
-9
Let z(t) = 8*t**2 + t - 2. Let a(j) = -32*j**2 - 5*j + 9. Let p(o) = 2*a(o) + 9*z(o). Let m = 44 + -43. Give p(m).
7
Let v(r) = -r**2 + 14*r + 1. Let b(c) = 14*c + 342. Let k be b(-24). Calculate v(k).
49
Let i(n) = n - 27. Let t = -92 + 92. What is i(t)?
-27
Let r(g) = 0*g**2 - g**2 + g - g**2. Let s = -815 - -814. Determine r(s).
-3
Let j be 0*4/16 - -2. Suppose 0 = j*z + z - 21. Let m(s) = -z + 0*s**2 + 2 + 3 + s**2 + 3*s. What is m(3)?
16
Let c be -7*(-12)/42 + 3. Let w(x) = 4*x - 10. Determine w(c).
10
Let j = 13 - 23. Let i be (15/j - -2)*-4. Let w(b) = -7*b - 5. Let t(z) = 10*z + 7. Let d(p) = -5*t(p) - 7*w(p). Give d(i).
2
Let q(v) = 281 + 6*v - 282 - 8*v. Let u be (1 - -5)*(-18)/27. What is q(u)?
7
Let f(o) = 6*o + 6. Let a be ((-25)/10)/((-10)/8). Suppose 20 = a*s + 3*s - c, -3*s - 5*c = -40. Let n(x) = -x - 1. Let k(j) = s*n(j) + f(j). Determine k(-5).
-4
Let r(b) = 18*b**2 + 1 + 22*b**2 - 67*b**2 + 2*b + 25*b**2. Let j(o) = 2*o - 4. Let n be j(3). Suppose 0 = c + n*l - 3, 0 = 4*c - 2*c + 2*l - 2. What is r(c)?
-3
Let x(b) be the first derivative of -2*b**3/3 - b + 81. Let m = 3 - 5. Calculate x(m).
-9
Suppose 0 = 5*a + v - 9, 2*a + 5*v = a - 3. Let h be (a/(-6))/((-4)/36). Let i(t) = -t - 2. Give i(h).
-5
Let n(q) be the second derivative of -q**5/20 - 2*q**4/3 + 2*q**3/3 + 4*q**2 - 3*q + 16. Give n(-8).
-24
Let m(b) = 4*b**2 - 3*b - 4. Let o(i) = i**2 - i - 1. Let w be ((-12)/(-8))/(6/8). Let h be -1 - -3 - (w - 1). Let k(q) = h*m(q) - 5*o(q). Give k(-1).
-2
Let d(k) be the second derivative of -k**3/2 + 4*k**2 - k. Let s(l) = 7*l**2 - 63*l - 6. Let o be s(9). Determine d(o).
26
Let u(p) = -3*p**2 - 23*p - 48. Let o be u(-4). Let k(z) = -z**3 - 6*z**2 - 5*z + 3. Determine k(o).
-9
Let s(y) = -2*y - 3. Let g(a) = -a - 1. Suppose -5 = -5*f + 20, -26 = 3*l - f. Let j(d) = l*g(d) + 3*s(d). Let o = 1 - -4. Determine j(o).
3
Let a(c) = c**2 - 5*c. Let l = -281 - -285. Give a(l).
-4
Suppose 13 = -s - 2*o, 18*s - o + 11 = 15*s. Let h(c) = -3*c - 4. Determine h(s).
11
Let m(z) = -5*z**3 + z**2 - z - 1. Suppose t = -2*b + 5, 3 = -12*t + 9*t. Suppose -b*n = -9 + 12. Give m(n).
6
Let o(y) be the first derivative of 0*y**4 - 7/3*y**3 + 0*y**2 + 0*y - 1/120*y**5 - 7. Let m(c) be the third derivative of o(c). Give m(-1).
1
Let h(c) = 5*c**2 - 4*c + 16. Let a(j) = -14*j**2 + 11*j - 47. Let z(n) = -4*a(n) - 11*h(n). Give z(0).
12
Let g(f) = f**3 - 3*f**2 + 2*f. Sup